{"id":13,"date":"2019-06-14T21:50:38","date_gmt":"2019-06-14T21:50:38","guid":{"rendered":"http:\/\/xn--handksshop-u5a.de\/?page_id=13"},"modified":"2024-12-28T23:55:56","modified_gmt":"2024-12-28T23:55:56","slug":"catering","status":"publish","type":"page","link":"https:\/\/xn--handksshop-u5a.de\/?page_id=13","title":{"rendered":"Catering"},"content":{"rendered":"<div id=\"pl-gb13-69ded26d0f26d\"  class=\"panel-layout\" ><div id=\"pg-gb13-69ded26d0f26d-0\"  class=\"panel-grid panel-no-style\" ><div id=\"pgc-gb13-69ded26d0f26d-0-0\"  class=\"panel-grid-cell\" ><div id=\"panel-gb13-69ded26d0f26d-0-0-0\" class=\"so-panel widget widget_sow-headline panel-first-child panel-last-child\" data-index=\"0\" ><div\n\t\t\t\n\t\t\tclass=\"so-widget-sow-headline so-widget-sow-headline-default-ea0af4cf39ae-13\"\n\t\t\t\n\t\t><div class=\"sow-headline-container \">\n\t\t\t\t\t\t\t<h1 class=\"sow-headline\">\n\t\t\t\t\t\tEuer &#8222;hessisches&#8220; Catering im Raum Frankfurt\t\t\t\t\t\t<\/h1>\n\t\t\t\t\t\t\t\t\t\t\t<div class=\"decoration\">\n\t\t\t\t\t\t<div class=\"decoration-inside\"><\/div>\n\t\t\t\t\t<\/div>\n\t\t\t\t\t<\/div>\n<\/div><\/div><\/div><\/div><div id=\"pg-gb13-69ded26d0f26d-1\"  class=\"panel-grid panel-no-style\" ><div id=\"pgc-gb13-69ded26d0f26d-1-0\"  class=\"panel-grid-cell\" ><div id=\"panel-gb13-69ded26d0f26d-1-0-0\" class=\"so-panel widget widget_sow-image panel-first-child panel-last-child\" data-index=\"1\" ><div\n\t\t\t\n\t\t\tclass=\"so-widget-sow-image so-widget-sow-image-default-8b5b6f678277-13\"\n\t\t\t\n\t\t>\n<div class=\"sow-image-container\">\n\t\t<img \n\tsrc=\"https:\/\/xn--handksshop-u5a.de\/wp-content\/uploads\/2019\/06\/IMG-20181215-WA0001.jpeg\" width=\"4032\" height=\"2268\" srcset=\"https:\/\/xn--handksshop-u5a.de\/wp-content\/uploads\/2019\/06\/IMG-20181215-WA0001.jpeg 4032w, https:\/\/xn--handksshop-u5a.de\/wp-content\/uploads\/2019\/06\/IMG-20181215-WA0001-300x169.jpeg 300w, https:\/\/xn--handksshop-u5a.de\/wp-content\/uploads\/2019\/06\/IMG-20181215-WA0001-768x432.jpeg 768w, https:\/\/xn--handksshop-u5a.de\/wp-content\/uploads\/2019\/06\/IMG-20181215-WA0001-1024x576.jpeg 1024w\" sizes=\"(max-width: 4032px) 100vw, 4032px\" alt=\"\" \t\tclass=\"so-widget-image\"\/>\n\t<\/div>\n\n<\/div><\/div><\/div><div id=\"pgc-gb13-69ded26d0f26d-1-1\"  class=\"panel-grid-cell\" ><div id=\"panel-gb13-69ded26d0f26d-1-1-0\" class=\"so-panel widget widget_sow-editor panel-first-child panel-last-child\" data-index=\"2\" ><div class=\"panel-widget-style panel-widget-style-for-gb13-69ded26d0f26d-1-1-0\" ><div\n\t\t\t\n\t\t\tclass=\"so-widget-sow-editor so-widget-sow-editor-base\"\n\t\t\t\n\t\t>\n<div class=\"siteorigin-widget-tinymce textwidget\">\n\t<p><span style=\"color: #000000;\">Wir bieten warmes und kaltes Catering f\u00fcr bis zu 40 Personen. Dabei gehen wir nat\u00fcrlich weit \u00fcber Handk\u00e4s&#8216; hinaus: so bieten wir auch Suppen, Br\u00f6tchen, Gr\u00fcne So\u00dfe, Leberk\u00e4s&#8216;, Desserts und noch viel mehr an.<br \/>\nWas aber immer gleich bleibt: Wir bieten individuelles Catering mit Produkten vom Handwerk, ohne Konservierungsstoffe und Aromen &#8211; daf\u00fcr mit echtem Geschmack, eigens f\u00fcr Deine Veranstaltung zubereitet.<br \/>\nDu hast ausgefallene W\u00fcnsche? Dann lasse es uns wissen!<\/span><\/p>\n<h3><span style=\"color: #ff0000;\">Anfragen gerne an:<\/span><\/h3>\n<h4><span style=\"color: #000000;\">Kevin Bornath<\/span><br \/>\n<span style=\"color: #000000;\">eMail: kevin (at) bornath.eu<\/span><br \/>\n<span style=\"color: #000000;\">Mobil: 0157 743 81 9 81<\/span><\/h4>\n<\/div>\n<\/div><\/div><\/div><\/div><\/div><\/div>","protected":false},"excerpt":{"rendered":"<p>Wir bieten warmes und kaltes Catering f\u00fcr bis zu 40 Personen. Dabei gehen wir nat\u00fcrlich weit \u00fcber Handk\u00e4s&#8216; hinaus: so bieten wir auch Suppen, Br\u00f6tchen, Gr\u00fcne So\u00dfe, Leberk\u00e4s&#8216;, Desserts und noch viel mehr an. Was aber immer gleich bleibt: Wir bieten individuelles Catering mit Produkten vom Handwerk, ohne Konservierungsstoffe und Aromen &#8211; daf\u00fcr mit echtem&#8230;<\/p>\n","protected":false},"author":1,"featured_media":0,"parent":0,"menu_order":0,"comment_status":"closed","ping_status":"closed","template":"","meta":{"footnotes":""},"class_list":["post-13","page","type-page","status-publish","hentry"],"_links":{"self":[{"href":"https:\/\/xn--handksshop-u5a.de\/index.php?rest_route=\/wp\/v2\/pages\/13","targetHints":{"allow":["GET"]}}],"collection":[{"href":"https:\/\/xn--handksshop-u5a.de\/index.php?rest_route=\/wp\/v2\/pages"}],"about":[{"href":"https:\/\/xn--handksshop-u5a.de\/index.php?rest_route=\/wp\/v2\/types\/page"}],"author":[{"embeddable":true,"href":"https:\/\/xn--handksshop-u5a.de\/index.php?rest_route=\/wp\/v2\/users\/1"}],"replies":[{"embeddable":true,"href":"https:\/\/xn--handksshop-u5a.de\/index.php?rest_route=%2Fwp%2Fv2%2Fcomments&post=13"}],"version-history":[{"count":17,"href":"https:\/\/xn--handksshop-u5a.de\/index.php?rest_route=\/wp\/v2\/pages\/13\/revisions"}],"predecessor-version":[{"id":319,"href":"https:\/\/xn--handksshop-u5a.de\/index.php?rest_route=\/wp\/v2\/pages\/13\/revisions\/319"}],"wp:attachment":[{"href":"https:\/\/xn--handksshop-u5a.de\/index.php?rest_route=%2Fwp%2Fv2%2Fmedia&parent=13"}],"curies":[{"name":"wp","href":"https:\/\/api.w.org\/{rel}","templated":true}]}}